s digit of 3733891?
8
What is the units digit of 326601?
1
What is the hundreds digit of 1082525?
5
What is the tens digit of 84037?
3
What is the thousands digit of 1183203?
3
What is the hundred thousands digit of 9975181?
9
What is the units digit of 1131479?
9
What is the millions digit of 6292944?
6
What is the ten thousands digit of 3284638?
8
What is the hundreds digit of 1939031?
0
What is the units digit of 363903?
3
What is the thousands digit of 4484357?
4
What is the hundreds digit of 3814580?
5
What is the units digit of 12285521?
1
What is the units digit of 554327?
7
What is the tens digit of 11544259?
5
What is the ten thousands digit of 144205?
4
What is the thousands digit of 3087749?
7
What is the ten thousands digit of 5372537?
7
What is the millions digit of 8627234?
8
What is the units digit of 380167?
7
What is the millions digit of 2626069?
2
What is the tens digit of 1060089?
8
What is the ten thousands digit of 238724?
3
What is the tens digit of 4431853?
5
What is the thousands digit of 3888780?
8
What is the tens digit of 1156036?
3
What is the hundred thousands digit of 12689870?
6
What is the thousands digit of 7514350?
4
What is the thousands digit of 137385?
7
What is the hundreds digit of 108587?
5
What is the hundred thousands digit of 299001?
2
What is the tens digit of 2337669?
6
What is the tens digit of 823480?
8
What is the hundred thousands digit of 4016263?
0
What is the ten thousands digit of 365327?
6
What is the thousands digit of 2422945?
2
What is the tens digit of 15178048?
4
What is the millions digit of 3068237?
3
What is the thousands digit of 35716?
5
What is the units digit of 672220?
0
What is the hundreds digit of 721465?
4
What is the thousands digit of 1400385?
0
What is the hundreds digit of 653747?
7
What is the hundreds digit of 1253257?
2
What is the hundreds digit of 16812390?
3
What is the units digit of 569218?
8
What is the thousands digit of 1376290?
6
What is the ten thousands digit of 19410?
1
What is the units digit of 27490?
0
What is the units digit of 1004328?
8
What is the ten thousands digit of 1359350?
5
What is the ten thousands digit of 25224?
2
What is the tens digit of 1225830?
3
What is the hundred thousands digit of 979856?
9
What is the hundred thousands digit of 1724624?
7
What is the units digit of 1010559?
9
What is the hundreds digit of 70205?
2
What is the units digit of 990565?
5
What is the millions digit of 1410121?
1
What is the thousands digit of 170032?
0
What is the hundred thousands digit of 462472?
4
What is the thousands digit of 464700?
4
What is the hundred thousands digit of 714200?
7
What is the thousands digit of 2201365?
1
What is the hundreds digit of 11598034?
0
What is the hundreds digit of 714876?
8
What is the millions digit of 9550773?
9
What is the hundred thousands digit of 21619616?
6
What is the hundred thousands digit of 884210?
8
What is the ten millions digit of 21538824?
2
What is the ten thousands digit of 167866?
6
What is the millions digit of 5572987?
5
What is the hundred thousands digit of 36718109?
7
What is the hundred thousands digit of 2288849?
2
What is the hundreds digit of 244875?
8
What is the units digit of 49284?
4
What is the units digit of 481264?
4
What is the hundred thousands digit of 921067?
9
What is the tens digit of 3540984?
8
What is the hundred thousands digit of 1004366?
0
What is the units digit of 403456?
6
What is the hundred thousands digit of 612577?
6
What is the millions digit of 1824338?
1
What is the thousands digit of 11509915?
9
What is the units digit of 8979312?
2
What is the tens digit of 2231766?
6
What is the hundreds digit of 4589853?
8
What is the hundred thousands digit of 164107?
1
What is the hundreds digit of 26055496?
4
What is the thousands digit of 911648?
1
What is the tens digit of 13768396?
9
What is the tens digit of 2064472?
7
What is the units digit of 2134300?
0
What is the ten thousands digit of 4494746?
9
What is the millions digit of 16808556?
6
What is the thousands digit of 8182668?
2
What is the units digit of 87332?
2
What is the thousands digit of 2344756?
4
What is the tens digit of 1848776?
7
What is the units digit of 452220?
0
What is the hundreds digit of 2089611?
6
What is the tens digit of 1269626?
2
What is the hundreds digit of 59523?
5
What is the millions digit of 3636911?
3
What is the ten thousands digit of 22060495?
6
What is the units digit of 235091?
1
What is the millions digit of 2901339?
2
What is the thousands digit of 55133?
5
What is the hundreds digit of 1237853?
8
What is the units digit of 3960333?
3
What is the hundreds digit of 1140910?
9
What is the tens digit of 399975?
7
What is the thousands digit of 8296?
8
What is the tens digit of 681051?
5
What is the hundreds digit of 15716463?
4
What is the hundreds digit of 17852457?
4
What is the units digit of 85942?
2
What is the millions digit of 2048917?
2
What is the thousands digit of 517553?
7
What is the tens digit of 8196542?
4
What is the hundred thousands digit of 6597885?
5
What is the units digit of 3747067?
7
What is the hundreds digit of 11617?
6
What is the units digit of 541445?
5
What is the hundreds digit of 721712?
7
What is the ten thousands digit of 414265?
1
What is the ten thousands digit of 5115669?
1
What is the hundred thousands digit of 14776882?
7
What is the ten thousands digit of 1116386?
1
What is the units digit of 614475?
5
What is the tens digit of 812853?
5
What is the thousands digit of 730687?
0
What is the ten thousands digit of 8703183?
0
What is the ten thousands digit of 54021?
5
What is the hundred thousands digit of 451879?
4
What is the millions digit of 2319234?
2
What is the hundred thousands digit of 166627?
1
What is the ten thousands digit of 3602034?
0
What is the ten thousands digit of 4516532?
1
What is the hundred thousands digit of 12594334?
5
What is the ten thousands digit of 39940?
3
What is the millions digit of 7522490?
7
What is the units digit of 3690235?
5
What is the hundreds digit of 3466154?
1
What is the ten millions digit of 16240877?
1
What is the units digit of 1606055?
5
What is the hundred thousands digit of 4660866?
6
What is the ten thousands digit of 19744?
1
What is the thousands digit of 9315933?
5
What is the units digit of 3479022?
2
What is the tens digit of 35277?
7
What is the millions digit of 5463299?
5
What is the thousands digit of 630257?
0
What is the hundreds digit of 79723?
7
What is the ten thousands digit of 2210221?
1
What is the units digit of 5596681?
1
What is the tens digit of 1890231?
3
What is the millions digit of 7710209?
7
What is the hundred thousands digit of 14289434?
2
What is the ten thousands digit of 235603?
3
What is the ten thousands digit of 110714?
1
What is the tens digit of 1504646?
4
What is the hundreds digit of 280903?
9
What is the thousands digit of 151483?
1
What is the ten thousands digit of 74522?
7
What is the hundred thousands digit of 261622?
2
What is the tens digit of 230351?
5
What is the hundred thousands digit of 2123059?
1
What is the hundreds digit of 18393107?
1
What is the hundreds digit of 3922?
9
What is the units digit of 3957525?
5
What is the units digit of 2593343?
3
What is the tens digit of 2847659?
5
What is the ten thousands digit of 1274237?
7
What is the units digit of 2795529?
9
What is the units digit of 520051?
1
What is the ten thousands digit of 270985?
7
What is the millions digit of 2814441?
2
What is the hundreds digit of 252241?
2
What is the units digit of 291431?
1
What is the ten millions digit of 11756144?
1
What is the units digit of 54649?
9
What is the hundreds digit of 1273537?
5
What is the hundreds digit of 62681?
6
What is the units digit of 90767?
7
What is the tens digit of 2892178?
7
What is the hundred thousands digit of 396172?
3
What is the millions digit of 14570302?
4
What is the hundreds digit of 28608271?
2
What is the hundred thousands digit of 359741?
3
What is the ten thousands digit of 167687?
6
What is the thousands digit of 497373?
7
What is the ten thousands digit of 2594574?
9
What is the ten thousands digit of 666336?
6
What is the hundred thousands digit of 1300907?
3
What is the tens digit of 6652281?
